pose i + j = 33. What is the highest common divisor of a and i?
20
Let p(a) = 5*a**3 + a**2 - 2*a + 2. Let i be p(2). Let y = 84 - i. Calculate the greatest common factor of y and 6.
6
Let b = 56 + -28. Calculate the greatest common divisor of b and 140.
28
Suppose 5*y + 0 = 15. Suppose y*o + 2*o = 225. Calculate the highest common factor of 30 and o.
15
Let z(t) = 9*t + 2. Let j be (-3)/2 - (-35)/10. Let c be z(j). Let o = -19 + 49. Calculate the greatest common divisor of c and o.
10
Let d = -1 + 3. Let a = 16 - -2. Calculate the greatest common factor of a and d.
2
Let z be 2/(276/(-140) - -2). What is the greatest common divisor of z and 10?
10
Let u(g) = 28*g + 6 - 12 - 2. Let j be u(6). Calculate the greatest common divisor of j and 16.
16
Suppose -4*i + 5*h + 11 = 0, 0*i - h = 4*i - 17. What is the highest common factor of i and 1?
1
Let x(a) = -2*a + 1. Let y be x(-2). Suppose 4*m + 45 = -11. Let r be ((-30)/(-12))/((-1)/m). What is the greatest common factor of r and y?
5
Let d be (-3 - 1 - 4)/((-6)/45). Calculate the greatest common divisor of 12 and d.
12
Let o = 90 - 62. Let x(v) = v**3 + 9*v**2 - v - 2. Let r be x(-6). What is the highest common factor of o and r?
28
Suppose 0*m = -2*m - 3*l + 29, 5*m - 69 = -4*l. What is the greatest common factor of 26 and m?
13
Let c = -2 + 2. Let f be c + 8 - (-2 + 1). Let r be 48*(0 + 2) - -3. Calculate the greatest common factor of f and r.
9
Suppose 5*j = 5*k + 700, 0 = -2*j - 0*j + 4*k + 290. Calculate the highest common factor of j and 15.
15
Suppose 0*p + 3*p - 9 = 0, 0 = -2*d - 5*p + 321. What is the highest common divisor of d and 17?
17
Let i be (-188)/(-3) + 4/3. Calculate the highest common divisor of i and 8.
8
Suppose o + o - 28 = -2*r, 2*r = -4*o + 36. Suppose -3*c - 5*v = -50, -6*c + 3*c + v + 26 = 0. Calculate the greatest common factor of c and r.
10
Let n(k) = k + 11. Let x be n(-7). Calculate the greatest common divisor of x and 2.
2
Let w(g) = g**3 + 4*g**2 + 3*g + 2. Let k be w(-2). What is the greatest common factor of k and 4?
4
Suppose -3*m + 1615 = -w, -3*m + 5*w + 291 + 1316 = 0. Suppose m = -5*n + 104. Let t be n/(-12) - 9/(-12). What is the greatest common divisor of t and 1?
1
Let g(v) = -v - 4. Let z be 4/10 + (-124)/10. Let r = -20 - z. Let h be g(r). Calculate the highest common divisor of 20 and h.
4
Let s = 116 - 72. What is the greatest common divisor of s and 11?
11
Suppose 0 = 6*z - z. Suppose -5*t - 2*k + 112 = 0, 2*k + z + 8 = 0. Calculate the greatest common divisor of t and 4.
4
Let z be -1 + 0 + 2 + 4. Suppose 4*c - 2*c = 2*j - 24, 2*j - c - 22 = 0. Calculate the highest common factor of z and j.
5
Let g = 12 + 2. What is the greatest common divisor of 154 and g?
14
Let i be 20/2*(-3 - -4). Suppose -h + 6*b - 3*b = -6, -2*h + 12 = -3*b. Let z = h - 2. What is the highest common factor of z and i?
2
Let b = 3 - 1. Suppose -g = r - 36 - 107, -b*g = 2. Calculate the highest common divisor of r and 16.
16
Suppose 2*c + c = 24. Suppose 3*r - 256 = -r. What is the highest common divisor of c and r?
8
Let r(i) be the second derivative of -i**4/12 - 4*i**3/3 - 5*i**2/2 - 2*i. Let k be r(-5). Calculate the greatest common divisor of k and 40.
10
Suppose 4*z + 20 = -0*z. Let u be z*((-6)/(-3) + -3). Suppose u*s + 208 = 3*v, 0 = -4*v - 0*v - 4*s + 320. Calculate the greatest common divisor of v and 19.
19
Let s = 113 + -57. Calculate the greatest common divisor of s and 14.
14
Let l = -42 + 60. What is the greatest common factor of l and 90?
18
Suppose -4*u = -u - 99. Let f = u - 11. Calculate the highest common factor of 22 and f.
22
Suppose -83 = -w - 2*b + 5*b, w + 5*b = 115. Calculate the highest common factor of w and 19.
19
Let i(c) = 22*c + 26. Let w be i(4). What is the greatest common factor of 6 and w?
6
Let q = -124 - -430. Calculate the highest common divisor of q and 34.
34
Let p(r) = 10*r**3 - r**2 - 3*r + 3. Let u be p(2). Suppose 2*o + 46 = 3*i, 4*i + 0*i - u = 5*o. What is the greatest common factor of 4 and i?
4
Let f = -22 + 50. Let v be -19*-1*2/(-2). Let z = f + v. Calculate the greatest common factor of 72 and z.
9
Let b be 33/((-3)/1) + 3. Let p = 52 + -30. Let l = p + b. Calculate the greatest common factor of 35 and l.
7
Let w = 140 + -98. Suppose -4*x + 3*z + 528 = x, 4*z = 3*x - 319. What is the highest common factor of x and w?
21
Let w = 68 + -56. What is the greatest common divisor of w and 84?
12
Suppose 3 + 1 = -2*j + p, -3*j + 4*p + 4 = 0. Let n = 8 + j. Suppose -5*w = 2*r - 28, -5*w - 1 = n*r - 27. What is the highest common divisor of w and 1?
1
Suppose 6 = 5*w + 2*z, -2 = -w + z + 2. Let p(s) = -s**2 - 2*s + 3. Let q be p(-6). Let g = q + 39. Calculate the greatest common factor of w and g.
2
Let j = -1 - -6. Let h = 3 + j. Suppose -4 = -2*m + h. What is the highest common divisor of 18 and m?
6
Let b be 45/(-2)*(-5 - 2 - -1). Calculate the highest common factor of 15 and b.
15
Let n = 12 - 4. Let j = -515 - -517. What is the greatest common factor of n and j?
2
Let p = 63 - 53. Calculate the greatest common divisor of 110 and p.
10
Suppose -4*d - 5*f = -6*d + 2, d - 1 = 5*f. What is the highest common factor of 9 and d?
1
Let f be (-31 - (-5 + 2)) + 2. Let s = -14 - f. What is the greatest common divisor of s and 60?
12
Let h = 81 + -138. Let s be h/(-6) + (-4)/8. What is the greatest common divisor of s and 18?
9
Let x = -61 + 71. Calculate the highest common divisor of 2 and x.
2
Let w(b) = 2*b**3 - 6*b**2 - 9*b + 9. Let q be w(5). Calculate the highest common divisor of 16 and q.
16
Suppose -s + 1 = -4*w + 63, -3*w + 4*s = -53. What is the greatest common divisor of 105 and w?
15
Let o(b) = -4*b - 9. Let z be o(-12). Let v = -42 - -96. Suppose 5*p - v = p - h, -h + 67 = 5*p. Calculate the highest common divisor of z and p.
13
Suppose -4 = -2*m + 2. Calculate the greatest common factor of 9 and m.
3
Let v = 76 - 50. Suppose 3*r = 2*r + v. Calculate the highest common factor of 39 and r.
13
Suppose 1 = t - 1. Suppose -49 = -t*v + i + 21, 4*v - 146 = -i. What is the greatest common divisor of v and 12?
12
Suppose -3*c = -4*d + 2*c - 51, d + 4*c = -18. Let p = -8 - d. Calculate the highest common factor of p and 15.
3
Suppose -3*n + 52 + 35 = 0. Let b = -19 + n. What is the greatest common factor of b and 5?
5
Suppose -3*r + 4*t - 8*t = -27, -3 = -t. What is the highest common factor of 5 and r?
5
Suppose t = -t - 6. Let w be (-38)/(t/(18/4)). What is the greatest common factor of 38 and w?
19
Let g(q) = 6*q + 5. Let a(c) = -5*c - 6. Let i(l) = -7*a(l) - 6*g(l). Let o be i(0). Suppose -m + 141 - 9 = 0. What is the highest common divisor of m and o?
12
Let l be (-16)/10 + 1 - (-892)/20. Calculate the highest common factor of 33 and l.
11
Let p be (-248)/(-14) + (-6)/(-21). Calculate the highest common factor of p and 27.
9
Suppose 7*s = 3*s + 224. Suppose -3*j = -j - s. Calculate the highest common factor of j and 42.
14
Suppose 5*y - 6 = -3*t, -2*y + 3*y = 5*t + 18. Let j be 10/(-8)*24/t. Let n be (-88)/10*25/(-2). Calculate the greatest common factor of n and j.
10
Let o(j) = -j + 2. Let f be o(-7). Let d(l) = -l**2 + 20*l - 3. Let q be d(f). What is the greatest common factor of q and 12?
12
Suppose 2*h = 2*w - 100, -26 = 5*w + 5*h - 296. What is the highest common divisor of 78 and w?
26
Let c(j) = -j**2 + 2*j + 1. Let l be c(-1). Let g = l + -10. Let k be (14 + 0)*g/(-8). Calculate the highest common factor of k and 14.
7
Suppose 0 = -3*q - 3*j + 120, -4*j - 13 + 91 = 2*q. Calculate the greatest common divisor of 164 and q.
41
Let w(v) = -v**2 - 3*v + 5. Let l be w(-4). Suppose -r - l - 3 = 0. Let h(p) = -2*p - 4. Let g be h(r). Calculate the greatest common divisor of 6 and g.
2
Let x(z) = -11*z + 7*z**2 + 7 + z**3 + 24*z - 7*z. Let o be x(-5). Let f be -18*(2 - 1)/(-2). Calculate the highest common divisor of f and o.
9
Let c be 4/6 - 453/(-9). Let h = c - 34. What is the highest common factor of 136 and h?
17
Let y = 41 + -20. Calculate the highest common factor of 105 and y.
21
Suppose -3*g + 0 = 12. Let z = 2 + g. Let y(p) = -6*p + 1. Let f be y(z). What is the highest common factor of f and 13?
13
Suppose -4*y + 5*f - 19 = 0, -3*y + f - 28 = -0*y. Let v = y - -27. What is the greatest common factor of 40 and v?
8